he remainder when 28 is divided by q?
8
Let b(v) = 6*v - 7. Suppose -3*i - z - 1 = -16, -i - 11 = -5*z. What is the remainder when b(i) is divided by (-1)/5 - 92/(-10)?
8
Let q(b) be the first derivative of b**2/2 + b + 8. Suppose 0*j - 4*j = 0. Calculate the remainder when 2 is divided by q(j).
0
Suppose 0 = 3*m - 4 - 2. Suppose c = m*c - 12. Calculate the remainder when c is divided by 7.
5
Let i = -10 - -16. Let z = i - -12. What is the remainder when 52 is divided by z?
16
Suppose 905 = 5*x + 5*q, 3*x + 0*q = 3*q + 531. What is the remainder when x is divided by 30?
29
Let i = -17 + 49. Calculate the remainder when i is divided by 17.
15
Let c(r) = -r**2 - 12*r + 34. What is the remainder when 119 is divided by c(-9)?
58
Suppose -3*c + 5*m - 3 = 2, -3*c = 5*m - 5. Suppose -z + 3*z - 24 = c. Calculate the remainder when 46 is divided by z.
10
Let d(n) = -n. Let t(f) = -3*f + 2. Let b(r) = -4*d(r) - t(r). What is the remainder when b(3) is divided by 5?
4
Let z = 30 + -17. Let y = 45 - 21. What is the remainder when y is divided by z?
11
Suppose -2*w + 18 = -24. Let t be ((-54)/w)/((-6)/112). Suppose 2*p = -x + t, -4*p + 0*x + 96 = -2*x. Calculate the remainder when 46 is divided by p.
22
Let c(a) = a**3 - 2*a**2 + 4*a - 7. What is the remainder when 18 is divided by c(3)?
4
Suppose -178 = -4*g + 14. What is the remainder when g is divided by 10?
8
What is the remainder when (4*1)/2 - (-28 - 25) is divided by 19?
17
Let b(l) = -3*l + 74. Calculate the remainder when b(0) is divided by 11.
8
Let s(l) = l**3 - 1. Let x(f) = 4*f**3 + 3*f**2 - 6. Let a(h) = -5*s(h) + x(h). Let c be a(1). Suppose c = d - 6. What is the remainder when 13 is divided by d?
6
Suppose 4*m = -3*d - 2*d + 41, 7 = 3*m - d. Suppose 15 = -m*f + 7*f. What is the remainder when 12 is divided by f?
2
Suppose -3*y + 100 = -5*i, -6*y - 4*i + 105 = -y. Suppose -5*j + j + 64 = 0. Let o = y - j. What is the remainder when 25 is divided by o?
7
Let r = -44 - -162. Calculate the remainder when r is divided by 30.
28
Suppose -2*r = -2*j + 2*r + 2, -3*j + r - 7 = 0. Let i = j + 7. Suppose -50 = -2*g + 5*a, 7*g - 75 = i*g - 5*a. Calculate the remainder when g is divided by 9.
7
Let f(m) = m**2 - m + 23. Suppose 0 = -17*j + 27*j - 660. What is the remainder when j is divided by f(0)?
20
Let o(g) = 54*g**3 - g**2. Let l(b) = b**3 + 10*b**2 + 6*b - 5. Let i be l(-9). Let h = 40 - i. What is the remainder when o(1) is divided by h?
17
Let c be (5 - 2)*(-4)/6. Let u = 22 + c. Suppose d + 16 = 5*r - 37, 4*r = 3*d + 38. What is the remainder when u is divided by r?
9
Suppose -4*m + 4*w = m - 92, -2*w - 70 = -4*m. Calculate the remainder when 79 is divided by m.
15
Suppose 3 = -r - f, 7*r = 4*r + 2*f - 29. Let h = r + 12. Suppose 3*s + 44 = h*s - 5*i, -5*i = 3*s - 41. What is the remainder when s is divided by 9?
8
Let b(o) = 4*o**3 - 4*o**2 + 2*o - 3. Calculate the remainder when 99 is divided by b(2).
14
Let a = 13 + 17. Let x(u) = -u**3 - 5*u**2 + 4*u - 4. Calculate the remainder when a is divided by x(-6).
6
Suppose 4*u - 186 = -18. What is the remainder when u is divided by 15?
12
Suppose 0 = -14*u + 17*u - 84. Calculate the remainder when u is divided by 13.
2
Let g = 12 - 4. Let r = g - 14. Let b = 10 + r. Calculate the remainder when 10 is divided by b.
2
Let x(f) = 2*f + 1. Suppose 3*l = 5*k - 15, -2*l + k = l + 3. Let j = l + 11. What is the remainder when x(10) is divided by j?
10
Calculate the remainder when (-39 - -2)*(5 + -6) is divided by 10.
7
Suppose 3*l = l + 204. Let w = l - 69. Calculate the remainder when w is divided by 17.
16
Let x(i) = 3*i - 19. Calculate the remainder when 49 is divided by x(10).
5
Let r(g) = 3*g**2 + 5*g + 3. What is the remainder when (1 + -29)/(-1)*1 is divided by r(-3)?
13
Suppose 259 = 3*d + 79. Calculate the remainder when 297 is divided by d.
57
Calculate the remainder when 70 is divided by (-11)/33 - 110/(-6).
16
What is the remainder when 26 is divided by ((-22)/4)/((-2)/4)?
4
Let a = 2 - -3. Let v = 814 + -792. Calculate the remainder when v is divided by 2/a*30*1.
10
Let o(u) = 3*u**2 + 12*u + 11. Suppose 0 = 5*x - 3*n - 73, 2*x - 30 = -0*x + 2*n. Calculate the remainder when o(-5) is divided by x.
12
Suppose -53 = -2*g - 3*s, 3*s - 175 = -5*g + 4*s. What is the remainder when g is divided by 13?
8
Let q be (0/4)/((-2)/(-1)). Suppose q = 4*w - 4*s - 52, 0*w + 3*s = -2*w + 6. What is the remainder when 33 is divided by w?
6
Let a(y) = y**3 - 5*y**2 - y - 12. Calculate the remainder when a(6) is divided by 5.
3
Let f(y) = y + 3. Suppose 4*n - 15 = 13. Calculate the remainder when (57/9)/(2/6) is divided by f(n).
9
Suppose -3*v = -n + 5*n - 2, 5*v + 4*n - 6 = 0. Let j = v + 0. Suppose -j = -3*x + 22. What is the remainder when x is divided by 3?
2
Let d = -47 + 53. What is the remainder when 10 is divided by d?
4
What is the remainder when 7 is divided by 2/((-6)/3)*-5?
2
Let h be (2 - 2/1) + 3. Suppose 0 = -3*i + 3*q + 108, -55 - 7 = -2*i - h*q. Calculate the remainder when i is divided by 9.
7
Let d(l) = l**2 + 35. Calculate the remainder when d(0) is divided by 12.
11
Let w = -4 - -6. Suppose -3*m + 19 = -d, 2*m = -5*d + 2*d - w. Let l = -23 + 37. Calculate the remainder when l is divided by m.
4
Suppose -2*q + 35 = -21. What is the remainder when 55 is divided by q?
27
Let k(q) = -q**3 + 15*q**2 + q + 22. Suppose -53 = -0*s - s. Suppose -2*d - h = -39, -5*h = 4*d - 28 - s. What is the remainder when k(15) is divided by d?
18
Suppose -l - 28 = 4*l - o, -3*l - 3 = 4*o. Let h(t) = -2*t - 8. Calculate the remainder when 2 is divided by h(l).
0
Let i(u) = u**3 + 5*u**2 - 6*u - 3. Let k be i(-6). Let b be (-1)/(-3) + (-7)/3. Calculate the remainder when 22 is divided by (2 - -10)*b/k.
6
Let m(y) = y**3 + 10*y**2 + 7*y + 4. Let b be m(-4). Suppose 3*j - 7*j = -b. What is the remainder when 71 is divided by j?
17
Suppose -5*b + 59 = -3*p, -4*b + 5*b = -4*p - 2. What is the remainder when b is divided by 4?
2
Let r = 412 + -392. What is the remainder when 1 - (1 + 0 + -78) is divided by r?
18
Let z(g) = -g**3 - 12*g**2 - 14*g + 6. Let y be 57/(((-30)/(-4))/5). Suppose -y = 3*d - 5. What is the remainder when z(d) is divided by 10?
9
Let q = 10 - 5. Let m(x) = -x**3 + 5*x**2 + 2*x + 2. Calculate the remainder when m(q) is divided by 7.
5
Suppose l = 5*l + 2*q - 134, -4*l = -5*q - 141. Calculate the remainder when 132 is divided by l.
30
Suppose -y - 3*y + 48 = -4*v, 4*y = -4*v - 8. Let d(s) = -6*s - 7. Calculate the remainder when d(v) is divided by 18.
17
Let b(h) = h**3 + 3*h**2 - 4*h - 3. Let u be b(-3). Suppose 3*j + j = 188. Suppose 4*c - j = u. Calculate the remainder when c is divided by 5.
4
Suppose 5*v + 4 = v. Let x = v - -13. What is the remainder when 0 - 1 - (-28 + 5 + 0) is divided by x?
10
Let v(b) = 2*b - 2. Let f be v(2). Let o be 13 - (f + -2)*1. Let q = o - 8. What is the remainder when q is divided by 4?
1
Let l(t) = 5*t + 17. Let z(d) = -2*d - 9. Let x(a) = -4*l(a) - 7*z(a). Calculate the remainder when (-2)/3 - (-152)/12 is divided by x(-2).
5
Suppose 2*w + 72 = 3*w. Suppose -w = -2*v - 2*v. What is the remainder when 34 is divided by v?
16
Let u = -4 - -1. Let k(r) = -r - 1. Let b be k(u). Let a(j) = 4*j + 2. What is the remainder when a(b) is divided by 3?
1
Let s = 9 + -6. Suppose -s*o = o - 40. Calculate the remainder when (-290)/15*(-3)/2 is divided by o.
9
Suppose 4*t + d = -9 + 40, -t - 8 = -5*d. Let s = -8 + 1. Let g = 5 - s. What is the remainder when g is divided by t?
5
Let j(z) = -z**2 - 21*z + 1. What is the remainder when 59 is divided by j(-20)?
17
Calculate the remainder when 8 is divided by 0 + 5 + (-14)/7.
2
Let y(f) = f + 0*f**3 - 4*f**2 - 3 + f**2 + f**3. Calculate the remainder when 66 is divided by y(4).
15
Let n(f) = -f**2 + f + 23. Let i be (20/6)/(5/(-15)). Let x = i + 16. Calculate the remainder when n(0) is divided by x.
5
Let q = -211 - -516. Calculate the remainder when q is divided by 51.
50
What is the remainder when 11 is divided by 1*(99/15 - (-12)/(-20))?
5
Suppose -2*c = -4*w + 392, 2*w + 0*c - 4*c = 190. What is the remainder when w is divided by 17?
14
Let d(i) = -i**2 - 8*i + 6. Let n be d(-9). Calculate the remainder when n + (-1 - -1) + 8 is divided by 2.
1
Let r = 0 - -3. Suppose -3 